{"id":2,"date":"2022-12-08T10:06:42","date_gmt":"2022-12-08T10:06:42","guid":{"rendered":"https:\/\/demo.blazethemes.com\/newsmatic-one\/?page_id=2"},"modified":"2024-01-15T09:07:00","modified_gmt":"2024-01-15T09:07:00","slug":"sample-page","status":"publish","type":"page","link":"https:\/\/aaea-angola.org\/?page_id=2","title":{"rendered":"Sobre-N\u00f3s"},"content":{"rendered":"\n<figure class=\"wp-block-image alignwide size-full is-style-default\"><img fetchpriority=\"high\" decoding=\"async\" width=\"640\" height=\"426\" src=\"https:\/\/aaea-angola.org\/wp-content\/uploads\/2023\/01\/test1.jpg\" alt=\"\" class=\"wp-image-242\" srcset=\"https:\/\/aaea-angola.org\/wp-content\/uploads\/2023\/01\/test1.jpg 640w, https:\/\/aaea-angola.org\/wp-content\/uploads\/2023\/01\/test1-300x200.jpg 300w, https:\/\/aaea-angola.org\/wp-content\/uploads\/2023\/01\/test1-600x400.jpg 600w\" sizes=\"(max-width: 640px) 100vw, 640px\" \/><\/figure>\n\n\n\n<div class=\"wp-block-columns alignwide are-vertically-aligned-center is-layout-flex wp-container-core-columns-is-layout-9d6595d7 wp-block-columns-is-layout-flex\">\n<div class=\"wp-block-column is-vertically-aligned-center is-layout-flow wp-block-column-is-layout-flow\">\n<div class=\"wp-block-buttons is-layout-flex wp-block-buttons-is-layout-flex\"><\/div>\n<\/div>\n<\/div>\n\n\n\n<h1 class=\"has-text-align-center has-black-color has-text-color wp-block-heading\" style=\"text-transform:uppercase\"><mark style=\"background-color:rgba(0, 0, 0, 0);color:#37912f\" class=\"has-inline-color\">A.A.E.A<\/mark><\/h1>\n\n\n\n<figure class=\"wp-block-pullquote\" style=\"border-radius:0px;font-size:15px\"><blockquote><p>A Associa\u00e7\u00e3o Angolana para Educa\u00e7\u00e3o de Adultos (AAEA), foi proclamada em 17 de Outubro de 1998, publicada no Di\u00e1rio da Rep\u00fablica: III Serie no 26 de 25 de Julho de 1999. A AAEA possui o escrit\u00f3rio principal em Luanda no bairro Kassenda, Zona 6 Casa no 36 e uma representa\u00e7\u00e3o no K. Sul &#8211; Sumbe. A Associa\u00e7\u00e3o Angolana para Educa\u00e7\u00e3o de Adultos (AAEA) baseia- -se no princ\u00edpio da Educa\u00e7\u00e3o Permanente (aprendizagem ao longo de toda a vida) e dedica-se a meios e m\u00e9todos principalmente para Educa\u00e7\u00e3o N\u00e3o Formal dando prioridade ao trabalho com grupos mais desfavorecidos da sociedade.<br>A AAEA defende os seguintes Valores: Paz, justi\u00e7a, solidariedade, tole- r\u00e2ncia, amor ao pr\u00f3ximo e igualdade entre os cidad\u00e3os.<br>A AAEA tem como Vis\u00e3o, ou seja o seu sonho: Uma sociedade justa em que cada cidad\u00e3o tenha uma vida digna. Nesse momento, a AAEA pre- side a Rede Angolana da Sociedade Civil de Educa\u00e7\u00e3o para Todos (Rede EpT &#8211; Angola), \u00e9 membro de v\u00e1rias organiza\u00e7\u00f5es internacionais, com destaque o ICAE, PAMOJA &#8211; \u00c1frica, PALAAE, e o CIRAC. A AAEA possui experi\u00eancias em forma\u00e7\u00e3o nos seguintes dom\u00ednios: En- foque Participativo, Diagn\u00f3stico Rural Participativo, elabora\u00e7\u00e3o de pro- jectos pelo M\u00e9todo do Quadro L\u00f3gico, Monitoria e Avalia\u00e7\u00e3o de pro- jectos, Alfabetiza\u00e7\u00e3o pelo m\u00e9todo APLICA (Alfabetiza\u00e7\u00e3o Participativa Libertadora Instrumentada por Comunidades Actuantes), que \u00e9 uma vers\u00e3o do REFLECT introduzido pela ACTIONAID (ONG brit\u00e2nica), Educa\u00e7\u00e3o C\u00edvica, Educa\u00e7\u00e3o Sobre G\u00e9nero, Educa\u00e7\u00e3o sobre SIDA, e Gest\u00e3o de pequenos neg\u00f3cios.<\/p><\/blockquote><\/figure>\n\n\n\n<h2 class=\"has-text-align-center has-text-color wp-block-heading\" style=\"color:#37912f\">AAEA<br>ASSOCIA\u00c7\u00c3O ANGOLANA PARA EDUCA\u00c7\u00c3O DE ADULTOS<\/h2>\n\n\n\n<div class=\"wp-block-group\"><div class=\"wp-block-group__inner-container is-layout-constrained wp-block-group-is-layout-constrained\">\n<div class=\"wp-block-group alignwide has-small-font-size\"><div class=\"wp-block-group__inner-container is-layout-constrained wp-block-group-is-layout-constrained\">\n<div class=\"wp-block-columns alignwide are-vertically-aligned-center has-medium-font-size is-layout-flex wp-container-core-columns-is-layout-9d6595d7 wp-block-columns-is-layout-flex\">\n<div class=\"wp-block-column is-layout-flow wp-block-column-is-layout-flow\" style=\"flex-basis:25%\"><\/div>\n\n\n\n<div class=\"wp-block-column is-layout-flow wp-block-column-is-layout-flow\" style=\"flex-basis:25%\"><\/div>\n\n\n\n<div class=\"wp-block-column is-layout-flow wp-block-column-is-layout-flow\" style=\"flex-basis:25%\"><\/div>\n\n\n\n<div class=\"wp-block-column is-layout-flow wp-block-column-is-layout-flow\" style=\"flex-basis:25%\"><\/div>\n<\/div>\n<\/div><\/div>\n<\/div><\/div>\n\n\n\n<div class=\"wp-block-group alignwide\"><div class=\"wp-block-group__inner-container is-layout-constrained wp-block-group-is-layout-constrained\"><\/div><\/div>\n\n\n\n<div class=\"wp-block-group alignfull\"><div class=\"wp-block-group__inner-container is-layout-constrained wp-block-group-is-layout-constrained\">\n<div class=\"wp-block-group alignwide is-content-justification-space-between is-layout-flex wp-container-core-group-is-layout-77619d32 wp-block-group-is-layout-flex\" style=\"padding-top:4em;padding-bottom:2em\"><nav class=\"has-medium-font-size is-responsive items-justified-left wp-block-navigation is-content-justification-left is-layout-flex wp-container-core-navigation-is-layout-c8d6fb0b wp-block-navigation-is-layout-flex\" aria-label=\"Navega\u00e7\u00e3o\" \n\t\t data-wp-interactive=\"core\/navigation\" data-wp-context='{\"overlayOpenedBy\":{\"click\":false,\"hover\":false,\"focus\":false},\"type\":\"overlay\",\"roleAttribute\":\"\",\"ariaLabel\":\"Menu\"}'><button aria-haspopup=\"dialog\" aria-label=\"Abrir menu\" class=\"wp-block-navigation__responsive-container-open\" \n\t\t\t\tdata-wp-on--click=\"actions.openMenuOnClick\"\n\t\t\t\tdata-wp-on--keydown=\"actions.handleMenuKeydown\"\n\t\t\t><svg width=\"24\" height=\"24\" xmlns=\"http:\/\/www.w3.org\/2000\/svg\" viewBox=\"0 0 24 24\" aria-hidden=\"true\" focusable=\"false\"><path d=\"M4 7.5h16v1.5H4z\"><\/path><path d=\"M4 15h16v1.5H4z\"><\/path><\/svg><\/button>\n\t\t\t\t<div class=\"wp-block-navigation__responsive-container\"  id=\"modal-1\" \n\t\t\t\tdata-wp-class--has-modal-open=\"state.isMenuOpen\"\n\t\t\t\tdata-wp-class--is-menu-open=\"state.isMenuOpen\"\n\t\t\t\tdata-wp-watch=\"callbacks.initMenu\"\n\t\t\t\tdata-wp-on--keydown=\"actions.handleMenuKeydown\"\n\t\t\t\tdata-wp-on--focusout=\"actions.handleMenuFocusout\"\n\t\t\t\ttabindex=\"-1\"\n\t\t\t>\n\t\t\t\t\t<div class=\"wp-block-navigation__responsive-close\" tabindex=\"-1\">\n\t\t\t\t\t\t<div class=\"wp-block-navigation__responsive-dialog\" \n\t\t\t\tdata-wp-bind--aria-modal=\"state.ariaModal\"\n\t\t\t\tdata-wp-bind--aria-label=\"state.ariaLabel\"\n\t\t\t\tdata-wp-bind--role=\"state.roleAttribute\"\n\t\t\t>\n\t\t\t\t\t\t\t<button aria-label=\"Fechar menu\" class=\"wp-block-navigation__responsive-container-close\" \n\t\t\t\tdata-wp-on--click=\"actions.closeMenuOnClick\"\n\t\t\t><svg xmlns=\"http:\/\/www.w3.org\/2000\/svg\" viewBox=\"0 0 24 24\" width=\"24\" height=\"24\" aria-hidden=\"true\" focusable=\"false\"><path d=\"m13.06 12 6.47-6.47-1.06-1.06L12 10.94 5.53 4.47 4.47 5.53 10.94 12l-6.47 6.47 1.06 1.06L12 13.06l6.47 6.47 1.06-1.06L13.06 12Z\"><\/path><\/svg><\/button>\n\t\t\t\t\t\t\t<div class=\"wp-block-navigation__responsive-container-content\" \n\t\t\t\tdata-wp-watch=\"callbacks.focusFirstElement\"\n\t\t\t id=\"modal-1-content\">\n\t\t\t\t\t\t\t\t<ul class=\"wp-block-navigation__container has-medium-font-size is-responsive items-justified-left wp-block-navigation has-medium-font-size\"><li class=\"has-medium-font-size wp-block-navigation-item wp-block-navigation-link\"><a class=\"wp-block-navigation-item__content\"  href=\"https:\/\/aaea-angola.org\/?page_id=168\"><span class=\"wp-block-navigation-item__label\">Contacte-nos<\/span><\/a><\/li><li class=\"has-medium-font-size wp-block-navigation-item wp-block-navigation-link\"><a class=\"wp-block-navigation-item__content\"  href=\"https:\/\/aaea-angola.org\/?page_id=2\"><span class=\"wp-block-navigation-item__label\">Sobre-N\u00f3s<\/span><\/a><\/li><li class=\"has-medium-font-size wp-block-navigation-item wp-block-navigation-link\"><a class=\"wp-block-navigation-item__content\"  href=\"https:\/\/aaea-angola.org\/?page_id=202\"><span class=\"wp-block-navigation-item__label\">Subscreva <\/span><\/a><\/li><\/ul>\n\t\t\t\t\t\t\t<\/div>\n\t\t\t\t\t\t<\/div>\n\t\t\t\t\t<\/div>\n\t\t\t\t<\/div><\/nav>\n\n\n<p class=\"has-small-font-size\"><\/p>\n<\/div>\n<\/div><\/div>\n","protected":false},"excerpt":{"rendered":"<p>A.A.E.A A Associa\u00e7\u00e3o Angolana para Educa\u00e7\u00e3o de Adultos (AAEA), foi proclamada em 17 de Outubro de 1998, publicada no Di\u00e1rio da Rep\u00fablica: III Serie no 26 de 25 de Julho de 1999. A AAEA possui o escrit\u00f3rio principal em Luanda no bairro Kassenda, Zona 6 Casa no 36 e uma representa\u00e7\u00e3o no K. Sul &#8211;&#8230;<\/p>\n","protected":false},"author":1,"featured_media":0,"parent":0,"menu_order":0,"comment_status":"closed","ping_status":"closed","template":"","meta":{"saved_in_kubio":false,"footnotes":""},"class_list":["post-2","page","type-page","status-publish","hentry"],"kubio_ai_page_context":{"short_desc":"","purpose":"general"},"yoast_head":"<!-- This site is optimized with the Yoast SEO plugin v23.5 - https:\/\/yoast.com\/wordpress\/plugins\/seo\/ -->\n<title>Sobre-N\u00f3s &#183;<\/title>\n<meta name=\"description\" content=\"Sobre-N\u00f3s  &#183;\" \/>\n<meta name=\"robots\" content=\"index, follow, max-snippet:-1, max-image-preview:large, max-video-preview:-1\" \/>\n<link rel=\"canonical\" href=\"https:\/\/aaea-angola.org\/?page_id=2\" \/>\n<meta property=\"og:locale\" content=\"pt_BR\" \/>\n<meta property=\"og:type\" content=\"article\" \/>\n<meta property=\"og:title\" content=\"Sobre-N\u00f3s &#183;\" \/>\n<meta property=\"og:description\" content=\"Sobre-N\u00f3s  &#183;\" \/>\n<meta property=\"og:url\" content=\"https:\/\/aaea-angola.org\/?page_id=2\" \/>\n<meta property=\"article:modified_time\" content=\"2024-01-15T09:07:00+00:00\" \/>\n<meta property=\"og:image\" content=\"https:\/\/aaea-angola.org\/wp-content\/uploads\/2023\/01\/test1.jpg\" \/>\n<meta name=\"twitter:card\" content=\"summary_large_image\" \/>\n<meta name=\"twitter:label1\" content=\"Est. tempo de leitura\" \/>\n\t<meta name=\"twitter:data1\" content=\"2 minutos\" \/>\n<script type=\"application\/ld+json\" class=\"yoast-schema-graph\">{\"@context\":\"https:\/\/schema.org\",\"@graph\":[{\"@type\":\"WebPage\",\"@id\":\"https:\/\/aaea-angola.org\/?page_id=2\",\"url\":\"https:\/\/aaea-angola.org\/?page_id=2\",\"name\":\"Sobre-N\u00f3s &#183;\",\"isPartOf\":{\"@id\":\"https:\/\/aaea-angola.org\/#website\"},\"primaryImageOfPage\":{\"@id\":\"https:\/\/aaea-angola.org\/?page_id=2#primaryimage\"},\"image\":{\"@id\":\"https:\/\/aaea-angola.org\/?page_id=2#primaryimage\"},\"thumbnailUrl\":\"https:\/\/aaea-angola.org\/wp-content\/uploads\/2023\/01\/test1.jpg\",\"datePublished\":\"2022-12-08T10:06:42+00:00\",\"dateModified\":\"2024-01-15T09:07:00+00:00\",\"description\":\"Sobre-N\u00f3s &#183;\",\"breadcrumb\":{\"@id\":\"https:\/\/aaea-angola.org\/?page_id=2#breadcrumb\"},\"inLanguage\":\"pt-BR\",\"potentialAction\":[{\"@type\":\"ReadAction\",\"target\":[\"https:\/\/aaea-angola.org\/?page_id=2\"]}]},{\"@type\":\"ImageObject\",\"inLanguage\":\"pt-BR\",\"@id\":\"https:\/\/aaea-angola.org\/?page_id=2#primaryimage\",\"url\":\"https:\/\/aaea-angola.org\/wp-content\/uploads\/2023\/01\/test1.jpg\",\"contentUrl\":\"https:\/\/aaea-angola.org\/wp-content\/uploads\/2023\/01\/test1.jpg\"},{\"@type\":\"BreadcrumbList\",\"@id\":\"https:\/\/aaea-angola.org\/?page_id=2#breadcrumb\",\"itemListElement\":[{\"@type\":\"ListItem\",\"position\":1,\"name\":\"In\u00edcio\",\"item\":\"https:\/\/aaea-angola.org\/\"},{\"@type\":\"ListItem\",\"position\":2,\"name\":\"Sobre-N\u00f3s\"}]},{\"@type\":\"WebSite\",\"@id\":\"https:\/\/aaea-angola.org\/#website\",\"url\":\"https:\/\/aaea-angola.org\/\",\"name\":\"\",\"description\":\"\",\"publisher\":{\"@id\":\"https:\/\/aaea-angola.org\/#organization\"},\"alternateName\":\"Associa\u00e7\u00e3o Angolana para Educa\u00e7\u00e3o de Adultos\",\"potentialAction\":[{\"@type\":\"SearchAction\",\"target\":{\"@type\":\"EntryPoint\",\"urlTemplate\":\"https:\/\/aaea-angola.org\/?s={search_term_string}\"},\"query-input\":{\"@type\":\"PropertyValueSpecification\",\"valueRequired\":true,\"valueName\":\"search_term_string\"}}],\"inLanguage\":\"pt-BR\"},{\"@type\":\"Organization\",\"@id\":\"https:\/\/aaea-angola.org\/#organization\",\"name\":\"A.A.E.A\",\"alternateName\":\"Associa\u00e7\u00e3o Angolana para Educa\u00e7\u00e3o de Adultos\",\"url\":\"https:\/\/aaea-angola.org\/\",\"logo\":{\"@type\":\"ImageObject\",\"inLanguage\":\"pt-BR\",\"@id\":\"https:\/\/aaea-angola.org\/#\/schema\/logo\/image\/\",\"url\":\"https:\/\/aaea-angola.org\/wp-content\/uploads\/2023\/01\/logo.png\",\"contentUrl\":\"https:\/\/aaea-angola.org\/wp-content\/uploads\/2023\/01\/logo.png\",\"width\":316,\"height\":95,\"caption\":\"A.A.E.A\"},\"image\":{\"@id\":\"https:\/\/aaea-angola.org\/#\/schema\/logo\/image\/\"}}]}<\/script>\n<!-- \/ Yoast SEO plugin. -->","yoast_head_json":{"title":"Sobre-N\u00f3s &#183;","description":"Sobre-N\u00f3s  &#183;","robots":{"index":"index","follow":"follow","max-snippet":"max-snippet:-1","max-image-preview":"max-image-preview:large","max-video-preview":"max-video-preview:-1"},"canonical":"https:\/\/aaea-angola.org\/?page_id=2","og_locale":"pt_BR","og_type":"article","og_title":"Sobre-N\u00f3s &#183;","og_description":"Sobre-N\u00f3s  &#183;","og_url":"https:\/\/aaea-angola.org\/?page_id=2","article_modified_time":"2024-01-15T09:07:00+00:00","og_image":[{"url":"https:\/\/aaea-angola.org\/wp-content\/uploads\/2023\/01\/test1.jpg"}],"twitter_card":"summary_large_image","twitter_misc":{"Est. tempo de leitura":"2 minutos"},"schema":{"@context":"https:\/\/schema.org","@graph":[{"@type":"WebPage","@id":"https:\/\/aaea-angola.org\/?page_id=2","url":"https:\/\/aaea-angola.org\/?page_id=2","name":"Sobre-N\u00f3s &#183;","isPartOf":{"@id":"https:\/\/aaea-angola.org\/#website"},"primaryImageOfPage":{"@id":"https:\/\/aaea-angola.org\/?page_id=2#primaryimage"},"image":{"@id":"https:\/\/aaea-angola.org\/?page_id=2#primaryimage"},"thumbnailUrl":"https:\/\/aaea-angola.org\/wp-content\/uploads\/2023\/01\/test1.jpg","datePublished":"2022-12-08T10:06:42+00:00","dateModified":"2024-01-15T09:07:00+00:00","description":"Sobre-N\u00f3s &#183;","breadcrumb":{"@id":"https:\/\/aaea-angola.org\/?page_id=2#breadcrumb"},"inLanguage":"pt-BR","potentialAction":[{"@type":"ReadAction","target":["https:\/\/aaea-angola.org\/?page_id=2"]}]},{"@type":"ImageObject","inLanguage":"pt-BR","@id":"https:\/\/aaea-angola.org\/?page_id=2#primaryimage","url":"https:\/\/aaea-angola.org\/wp-content\/uploads\/2023\/01\/test1.jpg","contentUrl":"https:\/\/aaea-angola.org\/wp-content\/uploads\/2023\/01\/test1.jpg"},{"@type":"BreadcrumbList","@id":"https:\/\/aaea-angola.org\/?page_id=2#breadcrumb","itemListElement":[{"@type":"ListItem","position":1,"name":"In\u00edcio","item":"https:\/\/aaea-angola.org\/"},{"@type":"ListItem","position":2,"name":"Sobre-N\u00f3s"}]},{"@type":"WebSite","@id":"https:\/\/aaea-angola.org\/#website","url":"https:\/\/aaea-angola.org\/","name":"","description":"","publisher":{"@id":"https:\/\/aaea-angola.org\/#organization"},"alternateName":"Associa\u00e7\u00e3o Angolana para Educa\u00e7\u00e3o de Adultos","potentialAction":[{"@type":"SearchAction","target":{"@type":"EntryPoint","urlTemplate":"https:\/\/aaea-angola.org\/?s={search_term_string}"},"query-input":{"@type":"PropertyValueSpecification","valueRequired":true,"valueName":"search_term_string"}}],"inLanguage":"pt-BR"},{"@type":"Organization","@id":"https:\/\/aaea-angola.org\/#organization","name":"A.A.E.A","alternateName":"Associa\u00e7\u00e3o Angolana para Educa\u00e7\u00e3o de Adultos","url":"https:\/\/aaea-angola.org\/","logo":{"@type":"ImageObject","inLanguage":"pt-BR","@id":"https:\/\/aaea-angola.org\/#\/schema\/logo\/image\/","url":"https:\/\/aaea-angola.org\/wp-content\/uploads\/2023\/01\/logo.png","contentUrl":"https:\/\/aaea-angola.org\/wp-content\/uploads\/2023\/01\/logo.png","width":316,"height":95,"caption":"A.A.E.A"},"image":{"@id":"https:\/\/aaea-angola.org\/#\/schema\/logo\/image\/"}}]}},"_links":{"self":[{"href":"https:\/\/aaea-angola.org\/index.php?rest_route=\/wp\/v2\/pages\/2","targetHints":{"allow":["GET"]}}],"collection":[{"href":"https:\/\/aaea-angola.org\/index.php?rest_route=\/wp\/v2\/pages"}],"about":[{"href":"https:\/\/aaea-angola.org\/index.php?rest_route=\/wp\/v2\/types\/page"}],"author":[{"embeddable":true,"href":"https:\/\/aaea-angola.org\/index.php?rest_route=\/wp\/v2\/users\/1"}],"replies":[{"embeddable":true,"href":"https:\/\/aaea-angola.org\/index.php?rest_route=%2Fwp%2Fv2%2Fcomments&post=2"}],"version-history":[{"count":11,"href":"https:\/\/aaea-angola.org\/index.php?rest_route=\/wp\/v2\/pages\/2\/revisions"}],"predecessor-version":[{"id":423,"href":"https:\/\/aaea-angola.org\/index.php?rest_route=\/wp\/v2\/pages\/2\/revisions\/423"}],"wp:attachment":[{"href":"https:\/\/aaea-angola.org\/index.php?rest_route=%2Fwp%2Fv2%2Fmedia&parent=2"}],"curies":[{"name":"wp","href":"https:\/\/api.w.org\/{rel}","templated":true}]}}